
Let l(s) = 15*s - 76. What are the prime factors of l(30)?
2, 11, 17
Let p = -11 - -3. Let r be 171 + (3 + p - -4). Suppose 3*k - h = r, -3*k = 2*k + 5*h - 270. List the prime factors of k.
2, 7
Let d(z) = z**3 + z + 8. Let q be 8/(-4) + (3 - -2 - -2). List the prime factors of d(q).
2, 3, 23
Let k(j) = -4*j - 2. Let n be k(4). Let t = n + 44. Let h = 44 - t. List the prime factors of h.
2, 3
Suppose -2*b - 15143 = -6*b - 3*a, -4*b + 5*a + 15103 = 0. What are the prime factors of b?
2, 31, 61
Suppose -4 = -b - 1. Suppose -r - 38 = -2*r + 4*t, -r + 36 = -b*t. List the prime factors of r.
2, 3, 5
Let a(l) = l**3 + 8*l**2 + 5*l + 1. Let b be -2 - (6 + 1 + -2). What are the prime factors of a(b)?
3, 5
Let z be (30/(-2) - -1)*-10. What are the prime factors of z/7*2/1?
2, 5
Let z = -467 - -522. What are the prime factors of z?
5, 11
Suppose -4*k - 35 + 27 = 0, -2*k = 3*c - 2906. What are the prime factors of c?
2, 5, 97
Suppose 37*h = 32*h + 5690. List the prime factors of h.
2, 569
Let l(r) = 32*r**2 - 29*r + 79. What are the prime factors of l(11)?
2, 227
What are the prime factors of (-3)/((-6)/8)*(-6195)/(-42)?
2, 5, 59
What are the prime factors of (2036/(-6))/(28/(-42))?
509
Let i be (8/10)/((-44)/110). List the prime factors of i/8 + 5148/48.
107
Let y(l) be the first derivative of 35*l**2/2 + 12*l - 10. List the prime factors of y(3).
3, 13
Suppose 0 = -o - 5*o + 234. Let c = o + -46. List the prime factors of 2/7 - 530/c.
2, 19
Let t(a) = 17*a**2 - a + 3. Let c be t(-3). Suppose k = 4*k - c. Suppose i + 2*l - k = 0, l + l - 139 = -3*i. What are the prime factors of i?
43
Let y(j) = -j**3 + 8*j**2 + 7*j + 7. Let z be y(9). Let w = z - 0. Let x = 21 + w. What are the prime factors of x?
2, 5
Suppose -4*j + 27 = 11. Suppose -j*g = -10*g + 660. List the prime factors of g.
2, 5, 11
Let f be (-6)/(-8) - 2295/(-12). Suppose -3*c + f = 3*k + k, -k - 4*c + 61 = 0. What are the prime factors of k?
3, 5
Suppose -i - 45 = -2*i. Suppose -32*j = -35*j + i. What are the prime factors of j?
3, 5
List the prime factors of (-1 + -1 - -1)/(4/(-1724)).
431
Let j = 155 + -83. Suppose s - j = -2*w, -w + 2*s - 181 = -6*w. What are the prime factors of w?
37
Let t be 38/10 + 19/95. Suppose 0*z = t*d + 4*z - 20, 0 = -3*d - 5*z + 21. List the prime factors of d.
2
Let q(t) = -8 - 4 + 4*t**2 + 7*t - t**3 + 5. What are the prime factors of q(5)?
3
Suppose -3*x + 4*q = -54, 2*q + 30 + 18 = 3*x. Let z be -4 + x + (-6)/3. What are the prime factors of (z/6)/(2/90)?
2, 3, 5
Suppose 0 = 5*o + h + 1115, 4*o = -2*h + 4*h - 892. Let r = o - -501. What are the prime factors of r?
2, 139
Suppose -5*d - 4 = -2*i + 20, -2*i = -d - 8. Suppose 0 = i*o - 5*o, o = -5*a + 705. What are the prime factors of a?
3, 47
Suppose -4*h - 1 = 3. Let p = h - -7. Suppose -l - p = -4*c + 4, 5*c - 4*l - 18 = 0. What are the prime factors of c?
2
List the prime factors of ((-30)/(-9) + 5)*441.
3, 5, 7
Suppose 5*k = 3*n + 448, 217 = 3*k + 2*n - 48. Suppose -3*y - 4*z = 157, 3*y + 6*z - 3*z + 153 = 0. Let v = k + y. What are the prime factors of v?
2, 3, 7
Let n = -13 - -20. Let z = n + -1. Suppose z*u - 330 = u. List the prime factors of u.
2, 3, 11
Suppose 0*i + i - 4 = q, -2*i + 8 = 2*q. Suppose -i*v + 52 = 2*m, -5*m = -v - v + 26. What are the prime factors of v?
13
Suppose -2040 = -3*z + 5*i, -7*z + 3*z + 2703 = -i. List the prime factors of z.
3, 5
Let x be (-135)/(-20) + (-22)/8 + 3. Suppose -14*k + x*k = -847. What are the prime factors of k?
11
Let v = -9 - -14. Suppose v*f + 20 = -5*t, 3 = 2*t - 2*f - 5. Suppose -18 = -2*s - t*s. What are the prime factors of s?
3
Suppose 0 = 13*r + 25968 - 83766. What are the prime factors of r?
2, 3, 13, 19
Suppose -2*t + 4*t = 8. Suppose -5*r - 10 - 15 = -3*b, 5*r + 60 = -t*b. Let g(u) = -2*u + 12. What are the prime factors of g(r)?
2, 7
Let m = 169 + 29. Suppose -5*g = -s - 2*s + 138, 0 = -4*s + 2*g + m. List the prime factors of s.
3, 17
List the prime factors of 16/(-24) + 6 + 24880/15.
2, 13
Suppose 4*v - 2*h - 8 = 0, v + v + 2*h - 4 = 0. Let p(s) = 18*s**2 - s + 4. List the prime factors of p(v).
2, 37
Let j(o) = -o**3 + 8*o**2 + 10*o - 13. Let a be j(9). Suppose -4*h - 8 = -0*h. What are the prime factors of (-63)/h + (-2)/a?
2
Suppose -2*k - 2*h - 3*h + 17 = 0, -40 = 5*k - 4*h. Suppose -20 - 66 = -5*x + 4*n, 30 = x - 4*n. Let j = x - k. List the prime factors of j.
2, 3
Suppose -5*x + 60 - 20 = 0. Suppose 7*f - x*f + 248 = 0. List the prime factors of f.
2, 31
Suppose 3*w - 4*l = -37 - 1, -4*w - l - 38 = 0. Let s(a) = -119*a + 84. Let k(x) = 7*x - 5. Let c(o) = -35*k(o) - 2*s(o). What are the prime factors of c(w)?
7, 11
Let w be (-2)/3*(0 - 3)*1. Suppose l = -5*p - 0*l + 336, -w*p = -l - 133. List the prime factors of p.
67
What are the prime factors of 232/((-2)/6 - 120/(-300))?
2, 3, 5, 29
Suppose 0 = -6*j + 626 + 2908. List the prime factors of j.
19, 31
Suppose 0 = 3*k - 0*k - 9. Suppose 2*s + 16 = k*a, 3*s - 7*s - 20 = 0. List the prime factors of a.
2
Let a(z) = 2*z**2 - 3*z. Let i be a(3). Suppose 2*o - i - 95 = 5*x, 260 = 5*o + 4*x. What are the prime factors of o?
2, 13
Let a(i) = -6*i**3 + i**2 + i. Let f be a(-1). Suppose 0 = -f*b + b + 15. Suppose -85 = -3*n + g, 0*n = -2*n + b*g + 59. What are the prime factors of n?
2, 7
Let m(g) = -g**3 - 22*g**2 + 26*g + 18. What are the prime factors of m(-25)?
11, 113
Let m = -250 - -372. List the prime factors of m.
2, 61
Suppose -r + 15 = 3. Let u = 799 - 1447. What are the prime factors of ((-2)/6)/(r/u)?
2, 3
Let x be 5 + 86 - (-2)/(-2). Suppose -30 = 5*n - x. List the prime factors of (-15*1)/(n/(-8)).
2, 5
Let f = -735 - -1258. What are the prime factors of f?
523
Let z = 422 - 364. What are the prime factors of z?
2, 29
Let y = 6568 + -2937. What are the prime factors of y?
3631
Let i(u) = -u**3 - u**2 - 22*u + 2. Let q(y) = 2*y**3 + 2*y**2 + 43*y - 4. Let m(z) = -11*i(z) - 6*q(z). List the prime factors of m(-5).
2, 7, 13
Suppose 14*n - 9*n - 1385 = 0. What are the prime factors of n?
277
Let b be 0 + (2 - (-2)/1). Suppose -b*r + 319 = 3*l, 0 = 4*r - 5*l + 4*l - 315. List the prime factors of r.
79
Let q(n) be the third derivative of -n**7/2520 + n**5/60 - n**2. Let b(h) be the third derivative of q(h). What are the prime factors of b(-11)?
2, 11
Let m = 1088 + -406. What are the prime factors of m?
2, 11, 31
Let i(f) = 31*f - 40. What are the prime factors of i(7)?
3, 59
Suppose 0 = 2*m + 4, 2*r - 6*m = -m + 1916. List the prime factors of r.
953
Let z = 179 + -20. Let s = -119 + z. List the prime factors of s.
2, 5
Let z = -1529 - -2834. What are the prime factors of z?
3, 5, 29
Suppose -4*u - m = -1568, 3*u + 3*m = 7*m + 1195. List the prime factors of u.
3, 131
Let y be 10/50 + (-221)/5. Let c = y + 65. Suppose 4*s + 3*t - c = 0, -5*t - 4 = 1. List the prime factors of s.
2, 3
Let m(r) = -1 + 3 + 0 - 2*r. Let b = -11 + 0. List the prime factors of m(b).
2, 3
Let g be 3/(-4) - 46/(-8). Let z = -1 + g. Suppose -z*c + 37 = 5*n, 2*n = -0*n + 5*c + 28. What are the prime factors of n?
3
Let p(q) = q - 8. Suppose -5*b - 14 = 1, -u + 25 = -5*b. Let w be p(u). Suppose w*y + 408 = 8*y. What are the prime factors of y?
2, 17
Suppose 0 = 5*j - 8*j + 195. Let c be ((-18)/(-4))/(9/12). Suppose -j = -g - c. What are the prime factors of g?
59
Let n be 1/(-7) - (-75048)/56. Suppose -4*f = 2*l - n, -l = -1 + 3. Suppose -8*r = -r - f. List the prime factors of r.
2, 3
Let x(l) = 2*l - 3. Let q be (32/48)/((-1)/(-6)). What are the prime factors of x(q)?
5
Let h(d) = d**3 - 11*d**2 - 3*d + 37. Let y be h(11). Suppose -3*r + 184 = y*v + 2*r, 4*r - 230 = -5*v. What are the prime factors of v?
2, 23
Let t = 65 + -45. Let z = -18 + t. Suppose -z*a = 4*f + 25 - 199, a = 4*f - 159. List the prime factors of f.
41
Let q(f) = 0*f**3 + 9 + 2*f**3 - 13 + 9 - 4*f. List the prime factors of q(2).
13
List the prime factors of (-5727)/46*(1 - (-74)/(-6)).
17, 83
Let x be (-210)/45*(-6)/4. Suppose -x = -3*m + 5. Suppose r - m*h = 6, r - 6 = -h - 3*h. What are the prime factors of r?
2, 3
Suppose -3*x = -3*j + 2361, 0 = -5*j + 2*x - 0*x + 3929. List the prime factors of j.
5, 157
Suppose 18*m - 3132 = 2304. What are the prime factors of m?
2, 151
Let p = 10 - 14. Let q be 9/18 - 10/p. Suppose 5*k - k - 175 = 